{"id":126,"date":"2026-01-30T15:02:38","date_gmt":"2026-01-30T15:02:38","guid":{"rendered":"http:\/\/ymfdzzk.cluster100.hosting.ovh.net\/?page_id=126"},"modified":"2026-04-22T12:40:26","modified_gmt":"2026-04-22T12:40:26","slug":"mentions-legales","status":"publish","type":"page","link":"http:\/\/xn--aucoeurdegaa-tgb.fr\/index.php\/mentions-legales\/","title":{"rendered":"Mentions L\u00e9gales"},"content":{"rendered":"\t\t<div data-elementor-type=\"wp-page\" data-elementor-id=\"126\" class=\"elementor elementor-126\">\n\t\t\t\t<div class=\"elementor-element elementor-element-bd53ae3 e-flex e-con-boxed wpr-particle-no wpr-jarallax-no wpr-parallax-no wpr-sticky-section-no wpr-equal-height-no e-con e-parent\" data-id=\"bd53ae3\" data-element_type=\"container\" data-e-type=\"container\" data-settings=\"{&quot;background_background&quot;:&quot;classic&quot;}\">\n\t\t\t\t\t<div class=\"e-con-inner\">\n\t\t\t\t<div class=\"elementor-element elementor-element-13dbd25 elementor-widget elementor-widget-heading\" data-id=\"13dbd25\" data-element_type=\"widget\" data-e-type=\"widget\" data-widget_type=\"heading.default\">\n\t\t\t\t\t<h1 class=\"elementor-heading-title elementor-size-default\">Mentions L\u00e9gales<\/h1>\t\t\t\t<\/div>\n\t\t\t\t<div class=\"elementor-element elementor-element-28b1efa elementor-align-center elementor-widget elementor-widget-button\" data-id=\"28b1efa\" data-element_type=\"widget\" data-e-type=\"widget\" data-widget_type=\"button.default\">\n\t\t\t\t\t\t\t\t\t\t<a class=\"elementor-button elementor-button-link elementor-size-sm\" href=\"http:\/\/ymfdzzk.cluster100.hosting.ovh.net\/\">\n\t\t\t\t\t\t<span class=\"elementor-button-content-wrapper\">\n\t\t\t\t\t\t\t\t\t<span class=\"elementor-button-text\">Retour \u00e0 la page principale<\/span>\n\t\t\t\t\t<\/span>\n\t\t\t\t\t<\/a>\n\t\t\t\t\t\t\t\t<\/div>\n\t\t\t\t\t<\/div>\n\t\t\t\t<\/div>\n\t\t<div class=\"elementor-element elementor-element-10c6764 e-flex e-con-boxed wpr-particle-no wpr-jarallax-no wpr-parallax-no wpr-sticky-section-no wpr-equal-height-no e-con e-parent\" data-id=\"10c6764\" data-element_type=\"container\" data-e-type=\"container\">\n\t\t\t\t\t<div class=\"e-con-inner\">\n\t\t\t\t<div class=\"elementor-element elementor-element-fa7c82b elementor-widget elementor-widget-text-editor\" data-id=\"fa7c82b\" data-element_type=\"widget\" data-e-type=\"widget\" data-widget_type=\"text-editor.default\">\n\t\t\t\t\t\t\t\t\t<p class=\"whitespace-break-spaces\" dir=\"auto\"><strong>H\u00e9bergeur du site :&nbsp;<\/strong>OVH, [Adresse \/ Siege social de l\u2019h\u00e9bergeur] [URL de l\u2019h\u00e9bergeur]<\/p>\n<p class=\"whitespace-break-spaces\" dir=\"auto\"><strong>Directeur de la publication :<\/strong>&nbsp;Audrey MARION<\/p><p class=\"whitespace-break-spaces\" dir=\"auto\"><strong style=\"font-style: inherit;\">Propri\u00e9t\u00e9 intellectuelle :<\/strong><span style=\"font-style: inherit; font-weight: inherit;\"> L\u2019ensemble des contenus (textes, images, logos, vid\u00e9os, etc.) pr\u00e9sents sur ce site est prot\u00e9g\u00e9 par les lois fran\u00e7aises et internationales sur la propri\u00e9t\u00e9 intellectuelle. Toute reproduction ou repr\u00e9sentation totale ou partielle du site, par quelque proc\u00e9d\u00e9 que ce soit, sans autorisation \u00e9crite pr\u00e9alable, est interdite et constituerait une contrefa\u00e7on sanctionn\u00e9e par les articles L.335-2 et suivants du Code de la propri\u00e9t\u00e9 intellectuelle.<\/span><\/p>\n<p class=\"whitespace-break-spaces\" dir=\"auto\"><strong>Donn\u00e9es personnelles :<\/strong> Les donn\u00e9es personnelles collect\u00e9es sur ce site sont trait\u00e9es conform\u00e9ment au <strong>R\u00e8glement G\u00e9n\u00e9ral sur la Protection des Donn\u00e9es (RGPD)<\/strong>.<\/p>\n<p class=\"whitespace-break-spaces\" dir=\"auto\"><strong>Cookies :<\/strong> Ce site utilise des cookies pour am\u00e9liorer l\u2019exp\u00e9rience utilisateur. En naviguant sur ce site, vous acceptez leur utilisation.&nbsp;<\/p>\n<p class=\"whitespace-break-spaces\" dir=\"auto\"><strong>Responsabilit\u00e9 :<\/strong> L\u2019\u00e9diteur du site ne saurait \u00eatre tenu responsable des dommages directs ou indirects r\u00e9sultant de l\u2019utilisation du site ou de l\u2019impossibilit\u00e9 d\u2019y acc\u00e9der.<\/p>\n<p class=\"whitespace-break-spaces\" dir=\"auto\"><strong>Liens hypertextes :<\/strong> La cr\u00e9ation de liens vers le site est autoris\u00e9e, sous r\u00e9serve de ne pas utiliser de technique pouvant nuire au site ou \u00e0 son positionnement dans les moteurs de recherche.<\/p>\n<p class=\"whitespace-break-spaces\" dir=\"auto\"><strong>Droit applicable :<\/strong> Les pr\u00e9sentes mentions l\u00e9gales sont r\u00e9gies par le droit fran\u00e7ais. En cas de litige, les tribunaux fran\u00e7ais seront seuls comp\u00e9tents.<\/p>\n<p class=\"whitespace-break-spaces\" dir=\"auto\"><strong>Contact :<\/strong> Pour toute question relative aux mentions l\u00e9gales, contactez-nous \u00e0 l\u2019adresse suivante : [e-mail].<\/p>\t\t\t\t\t\t\t\t<\/div>\n\t\t\t\t\t<\/div>\n\t\t\t\t<\/div>\n\t\t\t\t<\/div>\n\t\t","protected":false},"excerpt":{"rendered":"<p>Mentions L\u00e9gales Retour \u00e0 la page principale H\u00e9bergeur du site :&nbsp;OVH, [Adresse \/ Siege social de l\u2019h\u00e9bergeur] [URL de l\u2019h\u00e9bergeur] Directeur de la publication :&nbsp;Audrey MARION Propri\u00e9t\u00e9 intellectuelle : L\u2019ensemble des contenus (textes, images, logos, vid\u00e9os, etc.) pr\u00e9sents sur ce site est prot\u00e9g\u00e9 par les lois fran\u00e7aises et internationales sur la propri\u00e9t\u00e9 intellectuelle. Toute reproduction ou repr\u00e9sentation totale ou partielle du site, par quelque proc\u00e9d\u00e9 que ce soit, sans autorisation \u00e9crite pr\u00e9alable, est interdite et constituerait une contrefa\u00e7on sanctionn\u00e9e par les articles L.335-2 et suivants du Code de la propri\u00e9t\u00e9 intellectuelle. Donn\u00e9es personnelles : Les donn\u00e9es personnelles collect\u00e9es sur ce site sont trait\u00e9es conform\u00e9ment au R\u00e8glement G\u00e9n\u00e9ral sur la Protection des Donn\u00e9es (RGPD). Cookies : Ce site utilise des cookies pour am\u00e9liorer l\u2019exp\u00e9rience utilisateur. En naviguant sur ce site, vous acceptez leur utilisation.&nbsp; Responsabilit\u00e9 : L\u2019\u00e9diteur du site ne saurait \u00eatre tenu responsable des dommages directs ou indirects r\u00e9sultant de l\u2019utilisation du site ou de l\u2019impossibilit\u00e9 d\u2019y acc\u00e9der. Liens hypertextes : La cr\u00e9ation de liens vers le site est autoris\u00e9e, sous r\u00e9serve de ne pas utiliser de technique pouvant nuire au site ou \u00e0 son positionnement dans les moteurs de recherche. Droit applicable : Les pr\u00e9sentes mentions l\u00e9gales sont r\u00e9gies par le droit fran\u00e7ais. En cas de litige, les tribunaux fran\u00e7ais seront seuls comp\u00e9tents. Contact : Pour toute question relative aux mentions l\u00e9gales, contactez-nous \u00e0 l\u2019adresse suivante : [e-mail].<\/p>\n","protected":false},"author":1,"featured_media":0,"parent":0,"menu_order":0,"comment_status":"closed","ping_status":"closed","template":"elementor_header_footer","meta":{"site-sidebar-layout":"no-sidebar","site-content-layout":"","ast-site-content-layout":"full-width-container","site-content-style":"default","site-sidebar-style":"default","ast-global-header-display":"","ast-banner-title-visibility":"","ast-main-header-display":"","ast-hfb-above-header-display":"","ast-hfb-below-header-display":"","ast-hfb-mobile-header-display":"","site-post-title":"","ast-breadcrumbs-content":"","ast-featured-img":"disabled","footer-sml-layout":"","ast-disable-related-posts":"","theme-transparent-header-meta":"","adv-header-id-meta":"","stick-header-meta":"","header-above-stick-meta":"","header-main-stick-meta":"","header-below-stick-meta":"","astra-migrate-meta-layouts":"default","ast-page-background-enabled":"default","ast-page-background-meta":{"desktop":{"background-color":"var(--ast-global-color-5)","background-image":"","background-repeat":"repeat","background-position":"center center","background-size":"auto","background-attachment":"scroll","background-type":"","background-media":"","overlay-type":"","overlay-color":"","overlay-opacity":"","overlay-gradient":""},"tablet":{"background-color":"","background-image":"","background-repeat":"repeat","background-position":"center center","background-size":"auto","background-attachment":"scroll","background-type":"","background-media":"","overlay-type":"","overlay-color":"","overlay-opacity":"","overlay-gradient":""},"mobile":{"background-color":"","background-image":"","background-repeat":"repeat","background-position":"center center","background-size":"auto","background-attachment":"scroll","background-type":"","background-media":"","overlay-type":"","overlay-color":"","overlay-opacity":"","overlay-gradient":""}},"ast-content-background-meta":{"desktop":{"background-color":"var(--ast-global-color-4)","background-image":"","background-repeat":"repeat","background-position":"center center","background-size":"auto","background-attachment":"scroll","background-type":"","background-media":"","overlay-type":"","overlay-color":"","overlay-opacity":"","overlay-gradient":""},"tablet":{"background-color":"var(--ast-global-color-4)","background-image":"","background-repeat":"repeat","background-position":"center center","background-size":"auto","background-attachment":"scroll","background-type":"","background-media":"","overlay-type":"","overlay-color":"","overlay-opacity":"","overlay-gradient":""},"mobile":{"background-color":"var(--ast-global-color-4)","background-image":"","background-repeat":"repeat","background-position":"center center","background-size":"auto","background-attachment":"scroll","background-type":"","background-media":"","overlay-type":"","overlay-color":"","overlay-opacity":"","overlay-gradient":""}},"footnotes":""},"class_list":["post-126","page","type-page","status-publish","hentry"],"yoast_head":"<!-- This site is optimized with the Yoast SEO plugin v27.5 - https:\/\/yoast.com\/product\/yoast-seo-wordpress\/ -->\n<title>Mentions l\u00e9gales \u2013 Au C\u0153ur de Ga\u00efa<\/title>\n<meta name=\"description\" content=\"Mentions l\u00e9gales du site Au C\u0153ur de Ga\u00efa, boutique de lithoth\u00e9rapie situ\u00e9e \u00e0 Tournefeuille, pr\u00e8s de Toulouse.\" \/>\n<meta name=\"robots\" content=\"index, follow, max-snippet:-1, max-image-preview:large, max-video-preview:-1\" \/>\n<link rel=\"canonical\" href=\"http:\/\/xn--aucoeurdegaa-tgb.fr\/index.php\/mentions-legales\/\" \/>\n<meta property=\"og:locale\" content=\"en_US\" \/>\n<meta property=\"og:type\" content=\"article\" \/>\n<meta property=\"og:title\" content=\"Mentions l\u00e9gales \u2013 Au C\u0153ur de Ga\u00efa\" \/>\n<meta property=\"og:description\" content=\"Mentions l\u00e9gales du site Au C\u0153ur de Ga\u00efa, boutique de lithoth\u00e9rapie situ\u00e9e \u00e0 Tournefeuille, pr\u00e8s de Toulouse.\" \/>\n<meta property=\"og:url\" content=\"http:\/\/xn--aucoeurdegaa-tgb.fr\/index.php\/mentions-legales\/\" \/>\n<meta property=\"og:site_name\" content=\"Au C\u0153ur De Ga\u00efa\" \/>\n<meta property=\"article:modified_time\" content=\"2026-04-22T12:40:26+00:00\" \/>\n<meta name=\"twitter:card\" content=\"summary_large_image\" \/>\n<meta name=\"twitter:label1\" content=\"Est. reading time\" \/>\n\t<meta name=\"twitter:data1\" content=\"1 minute\" \/>\n<script type=\"application\/ld+json\" class=\"yoast-schema-graph\">{\"@context\":\"https:\\\/\\\/schema.org\",\"@graph\":[{\"@type\":\"WebPage\",\"@id\":\"http:\\\/\\\/xn--aucoeurdegaa-tgb.fr\\\/index.php\\\/mentions-legales\\\/\",\"url\":\"http:\\\/\\\/xn--aucoeurdegaa-tgb.fr\\\/index.php\\\/mentions-legales\\\/\",\"name\":\"Mentions l\u00e9gales \u2013 Au C\u0153ur de Ga\u00efa\",\"isPartOf\":{\"@id\":\"https:\\\/\\\/xn--aucoeurdegaa-tgb.fr\\\/#website\"},\"datePublished\":\"2026-01-30T15:02:38+00:00\",\"dateModified\":\"2026-04-22T12:40:26+00:00\",\"description\":\"Mentions l\u00e9gales du site Au C\u0153ur de Ga\u00efa, boutique de lithoth\u00e9rapie situ\u00e9e \u00e0 Tournefeuille, pr\u00e8s de Toulouse.\",\"breadcrumb\":{\"@id\":\"http:\\\/\\\/xn--aucoeurdegaa-tgb.fr\\\/index.php\\\/mentions-legales\\\/#breadcrumb\"},\"inLanguage\":\"en-US\",\"potentialAction\":[{\"@type\":\"ReadAction\",\"target\":[\"http:\\\/\\\/xn--aucoeurdegaa-tgb.fr\\\/index.php\\\/mentions-legales\\\/\"]}]},{\"@type\":\"BreadcrumbList\",\"@id\":\"http:\\\/\\\/xn--aucoeurdegaa-tgb.fr\\\/index.php\\\/mentions-legales\\\/#breadcrumb\",\"itemListElement\":[{\"@type\":\"ListItem\",\"position\":1,\"name\":\"Home\",\"item\":\"http:\\\/\\\/xn--aucoeurdegaa-tgb.fr\\\/\"},{\"@type\":\"ListItem\",\"position\":2,\"name\":\"Mentions L\u00e9gales\"}]},{\"@type\":\"WebSite\",\"@id\":\"https:\\\/\\\/xn--aucoeurdegaa-tgb.fr\\\/#website\",\"url\":\"https:\\\/\\\/xn--aucoeurdegaa-tgb.fr\\\/\",\"name\":\"Au C\u0153ur De Ga\u00efa\",\"description\":\"\",\"potentialAction\":[{\"@type\":\"SearchAction\",\"target\":{\"@type\":\"EntryPoint\",\"urlTemplate\":\"https:\\\/\\\/xn--aucoeurdegaa-tgb.fr\\\/?s={search_term_string}\"},\"query-input\":{\"@type\":\"PropertyValueSpecification\",\"valueRequired\":true,\"valueName\":\"search_term_string\"}}],\"inLanguage\":\"en-US\"}]}<\/script>\n<!-- \/ Yoast SEO plugin. -->","yoast_head_json":{"title":"Mentions l\u00e9gales \u2013 Au C\u0153ur de Ga\u00efa","description":"Mentions l\u00e9gales du site Au C\u0153ur de Ga\u00efa, boutique de lithoth\u00e9rapie situ\u00e9e \u00e0 Tournefeuille, pr\u00e8s de Toulouse.","robots":{"index":"index","follow":"follow","max-snippet":"max-snippet:-1","max-image-preview":"max-image-preview:large","max-video-preview":"max-video-preview:-1"},"canonical":"http:\/\/xn--aucoeurdegaa-tgb.fr\/index.php\/mentions-legales\/","og_locale":"en_US","og_type":"article","og_title":"Mentions l\u00e9gales \u2013 Au C\u0153ur de Ga\u00efa","og_description":"Mentions l\u00e9gales du site Au C\u0153ur de Ga\u00efa, boutique de lithoth\u00e9rapie situ\u00e9e \u00e0 Tournefeuille, pr\u00e8s de Toulouse.","og_url":"http:\/\/xn--aucoeurdegaa-tgb.fr\/index.php\/mentions-legales\/","og_site_name":"Au C\u0153ur De Ga\u00efa","article_modified_time":"2026-04-22T12:40:26+00:00","twitter_card":"summary_large_image","twitter_misc":{"Est. reading time":"1 minute"},"schema":{"@context":"https:\/\/schema.org","@graph":[{"@type":"WebPage","@id":"http:\/\/xn--aucoeurdegaa-tgb.fr\/index.php\/mentions-legales\/","url":"http:\/\/xn--aucoeurdegaa-tgb.fr\/index.php\/mentions-legales\/","name":"Mentions l\u00e9gales \u2013 Au C\u0153ur de Ga\u00efa","isPartOf":{"@id":"https:\/\/xn--aucoeurdegaa-tgb.fr\/#website"},"datePublished":"2026-01-30T15:02:38+00:00","dateModified":"2026-04-22T12:40:26+00:00","description":"Mentions l\u00e9gales du site Au C\u0153ur de Ga\u00efa, boutique de lithoth\u00e9rapie situ\u00e9e \u00e0 Tournefeuille, pr\u00e8s de Toulouse.","breadcrumb":{"@id":"http:\/\/xn--aucoeurdegaa-tgb.fr\/index.php\/mentions-legales\/#breadcrumb"},"inLanguage":"en-US","potentialAction":[{"@type":"ReadAction","target":["http:\/\/xn--aucoeurdegaa-tgb.fr\/index.php\/mentions-legales\/"]}]},{"@type":"BreadcrumbList","@id":"http:\/\/xn--aucoeurdegaa-tgb.fr\/index.php\/mentions-legales\/#breadcrumb","itemListElement":[{"@type":"ListItem","position":1,"name":"Home","item":"http:\/\/xn--aucoeurdegaa-tgb.fr\/"},{"@type":"ListItem","position":2,"name":"Mentions L\u00e9gales"}]},{"@type":"WebSite","@id":"https:\/\/xn--aucoeurdegaa-tgb.fr\/#website","url":"https:\/\/xn--aucoeurdegaa-tgb.fr\/","name":"Au C\u0153ur De Ga\u00efa","description":"","potentialAction":[{"@type":"SearchAction","target":{"@type":"EntryPoint","urlTemplate":"https:\/\/xn--aucoeurdegaa-tgb.fr\/?s={search_term_string}"},"query-input":{"@type":"PropertyValueSpecification","valueRequired":true,"valueName":"search_term_string"}}],"inLanguage":"en-US"}]}},"_links":{"self":[{"href":"http:\/\/xn--aucoeurdegaa-tgb.fr\/index.php\/wp-json\/wp\/v2\/pages\/126","targetHints":{"allow":["GET"]}}],"collection":[{"href":"http:\/\/xn--aucoeurdegaa-tgb.fr\/index.php\/wp-json\/wp\/v2\/pages"}],"about":[{"href":"http:\/\/xn--aucoeurdegaa-tgb.fr\/index.php\/wp-json\/wp\/v2\/types\/page"}],"author":[{"embeddable":true,"href":"http:\/\/xn--aucoeurdegaa-tgb.fr\/index.php\/wp-json\/wp\/v2\/users\/1"}],"replies":[{"embeddable":true,"href":"http:\/\/xn--aucoeurdegaa-tgb.fr\/index.php\/wp-json\/wp\/v2\/comments?post=126"}],"version-history":[{"count":16,"href":"http:\/\/xn--aucoeurdegaa-tgb.fr\/index.php\/wp-json\/wp\/v2\/pages\/126\/revisions"}],"predecessor-version":[{"id":437,"href":"http:\/\/xn--aucoeurdegaa-tgb.fr\/index.php\/wp-json\/wp\/v2\/pages\/126\/revisions\/437"}],"wp:attachment":[{"href":"http:\/\/xn--aucoeurdegaa-tgb.fr\/index.php\/wp-json\/wp\/v2\/media?parent=126"}],"curies":[{"name":"wp","href":"https:\/\/api.w.org\/{rel}","templated":true}]}}